{"id":132,"date":"2025-07-11T13:38:08","date_gmt":"2025-07-11T11:38:08","guid":{"rendered":"http:\/\/landschaftsschutz.org\/?page_id=132"},"modified":"2025-07-12T21:24:21","modified_gmt":"2025-07-12T19:24:21","slug":"wir-ueber-uns","status":"publish","type":"page","link":"https:\/\/landschaftsschutz.org\/?page_id=132","title":{"rendered":"Wir \u00fcber uns"},"content":{"rendered":"<p>Unser Verein stellt sich vor:<\/p>\n<p>Die Arge Nord-Ost e.V. ist ein Verein, bei dem sowohl Einzelpersonen, wie auch Vereine Mitglied sind. Werden auch Sie Mitglied bei der ARGE und helfen Sie mit, die wichtigen Gr\u00fcnfl\u00e4chen zu sch\u00fctzen.<\/p>\n<p>Hier geht es zur <a href=\"http:\/\/landschaftsschutz.org\/wp-content\/uploads\/2025\/07\/ARGE-Beitrittserklaerung_20160129.pdf\">Beitrittserkl\u00e4rung<\/a> (pdf-download).<\/p>\n<p>Und hier finden Sie unsere <a href=\"http:\/\/www.arge-nord-ost.de\/arge\/Satzung.pdf\">Satzung.<\/a><\/p>\n<p>Warum wir unsere Heimat sch\u00fctzen wollen: <a href=\"http:\/\/landschaftsschutz.org\/?page_id=528\">weiterlesen<\/a><\/p>\n<p>Vorsitzender:<br \/>\n<img loading=\"lazy\" decoding=\"async\" class=\"alignleft size-full wp-image-133\" src=\"http:\/\/landschaftsschutz.org\/wp-content\/uploads\/2017\/02\/vorsitz.jpg\" alt=\"\" width=\"200\" height=\"244\" \/><\/p>\n<p>Joseph Michl,\u00a0 Stuttgart<br \/>\nAgraringenieur<\/p>\n<p>(&#8230; bei der Biotoppflege des &#8222;Kreuzrains&#8220; in Stuttgart-Zazenhausen, einer wertvollen, sehr artenreichen Kalkmagerwiese)<\/p>\n<table>\n<tbody>\n<tr>\n<td><\/td>\n<\/tr>\n<\/tbody>\n<\/table>\n<p><img loading=\"lazy\" decoding=\"async\" class=\"alignleft size-full wp-image-134\" src=\"http:\/\/landschaftsschutz.org\/wp-content\/uploads\/2017\/02\/infostand.jpg\" alt=\"\" width=\"200\" height=\"254\" \/><\/p>\n<p>Stellvertreter<br \/>\nHorst Allgaier, Kornwestheim,<br \/>\n(&#8230; an einem Infostand der Arge Nord-Ost)<\/p>\n<table>\n<tbody>\n<tr>\n<td><\/td>\n<\/tr>\n<\/tbody>\n<\/table>\n<p><img loading=\"lazy\" decoding=\"async\" class=\"alignleft size-medium wp-image-1351\" src=\"http:\/\/landschaftsschutz.org\/wp-content\/uploads\/2025\/07\/Dietmar-02-kl-240x300.jpg\" alt=\"\" width=\"240\" height=\"300\" srcset=\"https:\/\/landschaftsschutz.org\/wp-content\/uploads\/2025\/07\/Dietmar-02-kl-240x300.jpg 240w, https:\/\/landschaftsschutz.org\/wp-content\/uploads\/2025\/07\/Dietmar-02-kl.jpg 318w\" sizes=\"auto, (max-width: 240px) 100vw, 240px\" \/>Stellvertreter<\/p>\n<p>Dietmar Wittkowski, NABU Fellbach<\/p>\n<p>(bei der Hohlwegpflege in Stuttgart-M\u00fchlhausen)<\/p>\n","protected":false},"excerpt":{"rendered":"<p>Unser Verein stellt sich vor: Die Arge Nord-Ost e.V. ist ein Verein, bei dem sowohl Einzelpersonen, wie auch Vereine Mitglied sind. Werden auch Sie Mitglied bei der ARGE und helfen Sie mit, die wichtigen Gr\u00fcnfl\u00e4chen zu sch\u00fctzen. Hier geht es zur Beitrittserkl\u00e4rung (pdf-download). Und hier finden Sie unsere Satzung. Warum wir unsere Heimat sch\u00fctzen wollen: [&hellip;]<\/p>\n","protected":false},"author":2,"featured_media":0,"parent":0,"menu_order":0,"comment_status":"closed","ping_status":"closed","template":"","meta":{"footnotes":""},"class_list":["post-132","page","type-page","status-publish","hentry"],"_links":{"self":[{"href":"https:\/\/landschaftsschutz.org\/index.php?rest_route=\/wp\/v2\/pages\/132","targetHints":{"allow":["GET"]}}],"collection":[{"href":"https:\/\/landschaftsschutz.org\/index.php?rest_route=\/wp\/v2\/pages"}],"about":[{"href":"https:\/\/landschaftsschutz.org\/index.php?rest_route=\/wp\/v2\/types\/page"}],"author":[{"embeddable":true,"href":"https:\/\/landschaftsschutz.org\/index.php?rest_route=\/wp\/v2\/users\/2"}],"replies":[{"embeddable":true,"href":"https:\/\/landschaftsschutz.org\/index.php?rest_route=%2Fwp%2Fv2%2Fcomments&post=132"}],"version-history":[{"count":22,"href":"https:\/\/landschaftsschutz.org\/index.php?rest_route=\/wp\/v2\/pages\/132\/revisions"}],"predecessor-version":[{"id":1354,"href":"https:\/\/landschaftsschutz.org\/index.php?rest_route=\/wp\/v2\/pages\/132\/revisions\/1354"}],"wp:attachment":[{"href":"https:\/\/landschaftsschutz.org\/index.php?rest_route=%2Fwp%2Fv2%2Fmedia&parent=132"}],"curies":[{"name":"wp","href":"https:\/\/api.w.org\/{rel}","templated":true}]}}